[INFO] cloning repository https://github.com/xfix/PSDevBot-rust
[INFO] running `Command { std: "git" "-c" "credential.helper=" "-c" "credential.helper=/workspace/cargo-home/bin/git-credential-null" "clone" "--bare" "https://github.com/xfix/PSDevBot-rust" "/workspace/cache/git-repos/https%3A%2F%2Fgithub.com%2Fxfix%2FPSDevBot-rust", kill_on_drop: false }`
[INFO] [stderr] Cloning into bare repository '/workspace/cache/git-repos/https%3A%2F%2Fgithub.com%2Fxfix%2FPSDevBot-rust'...
[INFO] running `Command { std: "git" "rev-parse" "HEAD", kill_on_drop: false }`
[INFO] [stdout] 11ecdfab021ad36dbb439f5a414cb6c0075b159e
[INFO] checking xfix/PSDevBot-rust against master#af3c6e733a40e671550e0f0f5aeecaa13772ba56 for pr-74989
[INFO] running `Command { std: "git" "clone" "/workspace/cache/git-repos/https%3A%2F%2Fgithub.com%2Fxfix%2FPSDevBot-rust" "/workspace/builds/worker-13/source", kill_on_drop: false }`
[INFO] [stderr] Cloning into '/workspace/builds/worker-13/source'...
[INFO] [stderr] done.
[INFO] validating manifest of git repo https://github.com/xfix/PSDevBot-rust on toolchain af3c6e733a40e671550e0f0f5aeecaa13772ba56
[INFO] running `Command { std: "/workspace/cargo-home/bin/cargo" "+af3c6e733a40e671550e0f0f5aeecaa13772ba56" "read-manifest" "--manifest-path" "Cargo.toml", kill_on_drop: false }`
[INFO] started tweaking git repo https://github.com/xfix/PSDevBot-rust
[INFO] finished tweaking git repo https://github.com/xfix/PSDevBot-rust
[INFO] tweaked toml for git repo https://github.com/xfix/PSDevBot-rust written to /workspace/builds/worker-13/source/Cargo.toml
[INFO] crate git repo https://github.com/xfix/PSDevBot-rust already has a lockfile, it will not be regenerated
[INFO] running `Command { std: "/workspace/cargo-home/bin/cargo" "+af3c6e733a40e671550e0f0f5aeecaa13772ba56" "fetch" "--locked" "--manifest-path" "Cargo.toml", kill_on_drop: false }`
[INFO] [stderr]     Blocking waiting for file lock on package cache
[INFO] [stderr]     Blocking waiting for file lock on package cache
[INFO] running `Command { std: "docker" "create" "-v" "/var/lib/crater-agent-workspace/builds/worker-13/target:/opt/rustwide/target:rw,Z" "-v" "/var/lib/crater-agent-workspace/builds/worker-13/source:/opt/rustwide/workdir:ro,Z" "-v" "/var/lib/crater-agent-workspace/cargo-home:/opt/rustwide/cargo-home:ro,Z" "-v" "/var/lib/crater-agent-workspace/rustup-home:/opt/rustwide/rustup-home:ro,Z" "-e" "SOURCE_DIR=/opt/rustwide/workdir" "-e" "CARGO_TARGET_DIR=/opt/rustwide/target" "-e" "CARGO_HOME=/opt/rustwide/cargo-home" "-e" "RUSTUP_HOME=/opt/rustwide/rustup-home" "-w" "/opt/rustwide/workdir" "-m" "1610612736" "--user" "0:0" "--network" "none" "rustops/crates-build-env@sha256:d92eaeed33fa75130ca1ee6c8a01d1ffb62bac859dfdfb3450e3e5d1c0146529" "/opt/rustwide/cargo-home/bin/cargo" "+af3c6e733a40e671550e0f0f5aeecaa13772ba56" "metadata" "--no-deps" "--format-version=1", kill_on_drop: false }`
[INFO] [stdout] 99a90e4134710a1d80b672f190f216d2454c5ed61566b6ea38bf94347dd05a73
[INFO] [stderr] WARNING: Your kernel does not support swap limit capabilities or the cgroup is not mounted. Memory limited without swap.
[INFO] running `Command { std: "docker" "start" "-a" "99a90e4134710a1d80b672f190f216d2454c5ed61566b6ea38bf94347dd05a73", kill_on_drop: false }`
[INFO] running `Command { std: "docker" "inspect" "99a90e4134710a1d80b672f190f216d2454c5ed61566b6ea38bf94347dd05a73", kill_on_drop: false }`
[INFO] running `Command { std: "docker" "rm" "-f" "99a90e4134710a1d80b672f190f216d2454c5ed61566b6ea38bf94347dd05a73", kill_on_drop: false }`
[INFO] [stdout] 99a90e4134710a1d80b672f190f216d2454c5ed61566b6ea38bf94347dd05a73
[INFO] running `Command { std: "docker" "create" "-v" "/var/lib/crater-agent-workspace/builds/worker-13/target:/opt/rustwide/target:rw,Z" "-v" "/var/lib/crater-agent-workspace/builds/worker-13/source:/opt/rustwide/workdir:ro,Z" "-v" "/var/lib/crater-agent-workspace/cargo-home:/opt/rustwide/cargo-home:ro,Z" "-v" "/var/lib/crater-agent-workspace/rustup-home:/opt/rustwide/rustup-home:ro,Z" "-e" "SOURCE_DIR=/opt/rustwide/workdir" "-e" "CARGO_TARGET_DIR=/opt/rustwide/target" "-e" "CARGO_INCREMENTAL=0" "-e" "RUST_BACKTRACE=full" "-e" "RUSTFLAGS=--cap-lints=forbid" "-e" "CARGO_HOME=/opt/rustwide/cargo-home" "-e" "RUSTUP_HOME=/opt/rustwide/rustup-home" "-w" "/opt/rustwide/workdir" "-m" "1610612736" "--user" "0:0" "--network" "none" "rustops/crates-build-env@sha256:d92eaeed33fa75130ca1ee6c8a01d1ffb62bac859dfdfb3450e3e5d1c0146529" "/opt/rustwide/cargo-home/bin/cargo" "+af3c6e733a40e671550e0f0f5aeecaa13772ba56" "check" "--frozen" "--all" "--all-targets" "--message-format=json", kill_on_drop: false }`
[INFO] [stdout] f0ac770dfabf1ed16105bd0c093d8476d01e0a9f2d1ef3bb94b7af9f80e7e9af
[INFO] [stderr] WARNING: Your kernel does not support swap limit capabilities or the cgroup is not mounted. Memory limited without swap.
[INFO] running `Command { std: "docker" "start" "-a" "f0ac770dfabf1ed16105bd0c093d8476d01e0a9f2d1ef3bb94b7af9f80e7e9af", kill_on_drop: false }`
[INFO] [stderr]    Compiling libc v0.2.50
[INFO] [stderr]     Checking cfg-if v0.1.7
[INFO] [stderr]    Compiling autocfg v0.1.2
[INFO] [stderr]    Compiling byteorder v1.3.1
[INFO] [stderr]    Compiling semver-parser v0.7.0
[INFO] [stderr]     Checking lazy_static v1.3.0
[INFO] [stderr]     Checking rand_core v0.4.0
[INFO] [stderr]     Checking futures v0.1.25
[INFO] [stderr]    Compiling proc-macro2 v0.4.27
[INFO] [stderr]    Compiling version_check v0.1.5
[INFO] [stderr]    Compiling unicode-xid v0.1.0
[INFO] [stderr]    Compiling syn v0.15.29
[INFO] [stderr]     Checking slab v0.4.2
[INFO] [stderr]     Checking scopeguard v0.3.3
[INFO] [stderr]     Checking fnv v1.0.6
[INFO] [stderr]     Checking stable_deref_trait v1.1.1
[INFO] [stderr]    Compiling typenum v1.10.0
[INFO] [stderr]    Compiling arrayvec v0.4.10
[INFO] [stderr]     Checking lazycell v1.2.1
[INFO] [stderr]     Checking nodrop v0.1.13
[INFO] [stderr]     Checking itoa v0.4.3
[INFO] [stderr]     Checking matches v0.1.8
[INFO] [stderr]     Checking memoffset v0.2.1
[INFO] [stderr]    Compiling pkg-config v0.3.14
[INFO] [stderr]    Compiling httparse v1.3.3
[INFO] [stderr]     Checking percent-encoding v1.0.1
[INFO] [stderr]    Compiling siphasher v0.2.3
[INFO] [stderr]     Checking bitflags v1.0.4
[INFO] [stderr]     Checking foreign-types-shared v0.1.1
[INFO] [stderr]     Checking try-lock v0.2.2
[INFO] [stderr]     Checking string v0.1.3
[INFO] [stderr]    Compiling memchr v2.2.0
[INFO] [stderr]     Checking indexmap v1.0.2
[INFO] [stderr]     Checking byte-tools v0.3.1
[INFO] [stderr]    Compiling build_const v0.2.1
[INFO] [stderr]    Compiling native-tls v0.2.2
[INFO] [stderr]    Compiling num-traits v0.2.6
[INFO] [stderr]     Checking openssl-probe v0.1.2
[INFO] [stderr]     Checking dtoa v0.4.3
[INFO] [stderr]    Compiling regex v1.1.2
[INFO] [stderr]    Compiling crc32fast v1.2.0
[INFO] [stderr]     Checking fake-simd v0.1.2
[INFO] [stderr]     Checking adler32 v1.0.3
[INFO] [stderr]     Checking ucd-util v0.1.3
[INFO] [stderr]     Checking opaque-debug v0.2.2
[INFO] [stderr]    Compiling num-integer v0.1.39
[INFO] [stderr]     Checking utf8-ranges v1.0.2
[INFO] [stderr]    Compiling failure_derive v0.1.5
[INFO] [stderr]     Checking rustc-demangle v0.1.13
[INFO] [stderr]     Checking subtle v1.0.0
[INFO] [stderr]     Checking safemem v0.3.0
[INFO] [stderr]     Checking quick-error v1.2.2
[INFO] [stderr]     Checking termcolor v1.0.4
[INFO] [stderr]     Checking sha1 v0.6.0
[INFO] [stderr]     Checking urlencoding v1.0.0
[INFO] [stderr]     Checking httpdate v0.3.2
[INFO] [stderr]     Checking hex v0.3.2
[INFO] [stderr]     Checking htmlescape v0.3.1
[INFO] [stderr]    Compiling miniz_oxide_c_api v0.2.1
[INFO] [stderr]     Checking unicode-normalization v0.1.8
[INFO] [stderr]     Checking log v0.4.6
[INFO] [stderr]     Checking crossbeam-utils v0.6.5
[INFO] [stderr]     Checking tokio-trace-core v0.1.0
[INFO] [stderr]     Checking thread_local v0.3.6
[INFO] [stderr]     Checking owning_ref v0.4.0
[INFO] [stderr]     Checking rand_core v0.3.1
[INFO] [stderr]     Checking rand_jitter v0.1.3
[INFO] [stderr]     Checking unicode-bidi v0.3.4
[INFO] [stderr]    Compiling semver v0.9.0
[INFO] [stderr]     Checking foreign-types v0.3.2
[INFO] [stderr]     Checking block-padding v0.1.3
[INFO] [stderr]    Compiling unicase v1.4.2
[INFO] [stderr]    Compiling unicase v2.3.0
[INFO] [stderr]    Compiling rand_chacha v0.1.1
[INFO] [stderr]    Compiling rand_pcg v0.1.2
[INFO] [stderr]    Compiling rand v0.6.5
[INFO] [stderr]    Compiling backtrace v0.3.14
[INFO] [stderr]     Checking miniz_oxide v0.2.1
[INFO] [stderr]    Compiling crc v1.8.1
[INFO] [stderr]     Checking regex-syntax v0.6.5
[INFO] [stderr]     Checking humantime v1.2.0
[INFO] [stderr]     Checking rand_isaac v0.1.1
[INFO] [stderr]     Checking rand_hc v0.1.0
[INFO] [stderr]     Checking rand_xorshift v0.1.1
[INFO] [stderr]     Checking log v0.3.9
[INFO] [stderr]     Checking lock_api v0.1.5
[INFO] [stderr]     Checking crossbeam-queue v0.1.2
[INFO] [stderr]     Checking encoding_rs v0.8.17
[INFO] [stderr]    Compiling rustc_version v0.2.3
[INFO] [stderr]     Checking tokio-executor v0.1.7
[INFO] [stderr]     Checking tokio-sync v0.1.4
[INFO] [stderr]     Checking want v0.0.6
[INFO] [stderr]     Checking mime v0.2.6
[INFO] [stderr]     Checking crossbeam-epoch v0.7.1
[INFO] [stderr]     Checking base64 v0.10.1
[INFO] [stderr]     Checking base64 v0.9.3
[INFO] [stderr]     Checking idna v0.1.5
[INFO] [stderr]     Checking tokio-current-thread v0.1.6
[INFO] [stderr]     Checking tokio-timer v0.2.10
[INFO] [stderr]    Compiling phf_shared v0.7.24
[INFO] [stderr]     Checking aho-corasick v0.6.10
[INFO] [stderr]    Compiling quote v0.6.11
[INFO] [stderr]    Compiling rand_os v0.1.3
[INFO] [stderr]     Checking iovec v0.1.2
[INFO] [stderr]     Checking num_cpus v1.10.0
[INFO] [stderr]     Checking net2 v0.2.33
[INFO] [stderr]     Checking time v0.1.42
[INFO] [stderr]     Checking backtrace-sys v0.1.28
[INFO] [stderr]     Checking rand v0.5.6
[INFO] [stderr]     Checking atty v0.2.11
[INFO] [stderr]     Checking uname v0.1.1
[INFO] [stderr]     Checking hostname v0.1.5
[INFO] [stderr]     Checking crossbeam-deque v0.7.1
[INFO] [stderr]    Compiling parking_lot_core v0.4.0
[INFO] [stderr]    Compiling openssl-sys v0.9.43
[INFO] [stderr]    Compiling im v12.3.3
[INFO] [stderr]    Compiling sentry v0.13.0
[INFO] [stderr]     Checking generic-array v0.12.0
[INFO] [stderr]     Checking sized-chunks v0.1.2
[INFO] [stderr]     Checking mime v0.3.13
[INFO] [stderr]     Checking phf v0.7.24
[INFO] [stderr]     Checking bytes v0.4.12
[INFO] [stderr]     Checking futures-cpupool v0.1.8
[INFO] [stderr]     Checking mio v0.6.16
[INFO] [stderr]     Checking url v1.7.2
[INFO] [stderr]     Checking flate2 v1.0.7
[INFO] [stderr]     Checking digest v0.8.0
[INFO] [stderr]     Checking block-buffer v0.7.0
[INFO] [stderr]     Checking crypto-mac v0.7.0
[INFO] [stderr]     Checking sha-1 v0.8.1
[INFO] [stderr]     Checking tokio-io v0.1.12
[INFO] [stderr]     Checking http v0.1.16
[INFO] [stderr]     Checking input_buffer v0.2.0
[INFO] [stderr]     Checking hmac v0.7.0
[INFO] [stderr]     Checking github_webhook_message_validator v0.1.3
[INFO] [stderr]    Compiling openssl v0.10.20
[INFO] [stderr]     Checking mio-uds v0.6.7
[INFO] [stderr]     Checking tokio-codec v0.1.1
[INFO] [stderr]     Checking tokio-async-await v0.1.6
[INFO] [stderr]     Checking tungstenite v0.6.1
[INFO] [stderr]     Checking hyper v0.10.15
[INFO] [stdout] error[E0557]: feature has been removed
[INFO] [stdout]  --> /opt/rustwide/cargo-home/registry/src/github.com-1ecc6299db9ec823/tokio-async-await-0.1.6/src/lib.rs:2:44
[INFO] [stdout]   |
[INFO] [stdout] 2 | #![feature(rust_2018_preview, async_await, await_macro, futures_api)]
[INFO] [stdout]   |                                            ^^^^^^^^^^^ feature has been removed
[INFO] [stdout]   |
[INFO] [stdout]   = note: subsumed by `.await` syntax
[INFO] [stdout] 
[INFO] [stdout] 
[INFO] [stdout] error[E0432]: unresolved import `std::await`
[INFO] [stdout]   --> /opt/rustwide/cargo-home/registry/src/github.com-1ecc6299db9ec823/tokio-async-await-0.1.6/src/lib.rs:67:9
[INFO] [stdout]    |
[INFO] [stdout] 67 | pub use std::await as std_await;
[INFO] [stdout]    |         ^^^^^^^^^^^^^^^^^^^^^^^ no `await` in the root
[INFO] [stdout] 
[INFO] [stdout] 
[INFO] [stdout] error[E0063]: missing field `wake_by_ref` in initializer of `RawWakerVTable`
[INFO] [stdout]   --> /opt/rustwide/cargo-home/registry/src/github.com-1ecc6299db9ec823/tokio-async-await-0.1.6/src/compat/backward.rs:79:43
[INFO] [stdout]    |
[INFO] [stdout] 79 | const NOOP_WAKER_VTABLE: RawWakerVTable = RawWakerVTable {
[INFO] [stdout]    |                                           ^^^^^^^^^^^^^^ missing `wake_by_ref`
[INFO] [stdout] 
[INFO] [stdout] 
[INFO] [stdout] error[E0053]: method `poll` has an incompatible type for trait
[INFO] [stdout]   --> /opt/rustwide/cargo-home/registry/src/github.com-1ecc6299db9ec823/tokio-async-await-0.1.6/src/compat/forward.rs:56:5
[INFO] [stdout]    |
[INFO] [stdout] 56 |     fn poll(mut self: Pin<&mut Self>, _waker: &Waker) -> StdPoll<Self::Output> {
[INFO] [stdout]    |     ^^^^^^^^^^^^^^^^^^^^^^^^^^^^^^^^^^^^^^^^^^^^^^^^^^^^^^^^^^^^^^^^^^^^^^^^^^ types differ in mutability
[INFO] [stdout]    |
[INFO] [stdout]    = note: expected fn pointer `fn(Pin<&mut forward::Compat<T>>, &mut Context<'_>) -> std::task::Poll<_>`
[INFO] [stdout]               found fn pointer `fn(Pin<&mut forward::Compat<T>>, &Waker) -> std::task::Poll<_>`
[INFO] [stdout] 
[INFO] [stdout] 
[INFO] [stdout] error[E0053]: method `poll` has an incompatible type for trait
[INFO] [stdout]   --> /opt/rustwide/cargo-home/registry/src/github.com-1ecc6299db9ec823/tokio-async-await-0.1.6/src/io/flush.rs:26:5
[INFO] [stdout]    |
[INFO] [stdout] 26 |     fn poll(mut self: Pin<&mut Self>, _wx: &Waker) -> Poll<Self::Output> {
[INFO] [stdout]    |     ^^^^^^^^^^^^^^^^^^^^^^^^^^^^^^^^^^^^^^^^^^^^^^^^^^^^^^^^^^^^^^^^^^^^ types differ in mutability
[INFO] [stdout]    |
[INFO] [stdout]    = note: expected fn pointer `fn(Pin<&mut flush::Flush<'a, T>>, &mut Context<'_>) -> std::task::Poll<_>`
[INFO] [stdout]               found fn pointer `fn(Pin<&mut flush::Flush<'a, T>>, &Waker) -> std::task::Poll<_>`
[INFO] [stdout] 
[INFO] [stdout] 
[INFO] [stdout] error[E0053]: method `poll` has an incompatible type for trait
[INFO] [stdout]   --> /opt/rustwide/cargo-home/registry/src/github.com-1ecc6299db9ec823/tokio-async-await-0.1.6/src/io/read.rs:28:5
[INFO] [stdout]    |
[INFO] [stdout] 28 |     fn poll(mut self: Pin<&mut Self>, _waker: &task::Waker) -> Poll<Self::Output> {
[INFO] [stdout]    |     ^^^^^^^^^^^^^^^^^^^^^^^^^^^^^^^^^^^^^^^^^^^^^^^^^^^^^^^^^^^^^^^^^^^^^^^^^^^^^ types differ in mutability
[INFO] [stdout]    |
[INFO] [stdout]    = note: expected fn pointer `fn(Pin<&mut read::Read<'a, T>>, &mut Context<'_>) -> std::task::Poll<_>`
[INFO] [stdout]               found fn pointer `fn(Pin<&mut read::Read<'a, T>>, &Waker) -> std::task::Poll<_>`
[INFO] [stdout] 
[INFO] [stdout] 
[INFO] [stdout] error[E0053]: method `poll` has an incompatible type for trait
[INFO] [stdout]   --> /opt/rustwide/cargo-home/registry/src/github.com-1ecc6299db9ec823/tokio-async-await-0.1.6/src/io/read_exact.rs:33:5
[INFO] [stdout]    |
[INFO] [stdout] 33 |     fn poll(mut self: Pin<&mut Self>, _waker: &task::Waker) -> Poll<Self::Output> {
[INFO] [stdout]    |     ^^^^^^^^^^^^^^^^^^^^^^^^^^^^^^^^^^^^^^^^^^^^^^^^^^^^^^^^^^^^^^^^^^^^^^^^^^^^^ types differ in mutability
[INFO] [stdout]    |
[INFO] [stdout]    = note: expected fn pointer `fn(Pin<&mut read_exact::ReadExact<'a, T>>, &mut Context<'_>) -> std::task::Poll<_>`
[INFO] [stdout]               found fn pointer `fn(Pin<&mut read_exact::ReadExact<'a, T>>, &Waker) -> std::task::Poll<_>`
[INFO] [stdout] 
[INFO] [stdout] 
[INFO] [stdout] error[E0053]: method `poll` has an incompatible type for trait
[INFO] [stdout]   --> /opt/rustwide/cargo-home/registry/src/github.com-1ecc6299db9ec823/tokio-async-await-0.1.6/src/io/write.rs:28:5
[INFO] [stdout]    |
[INFO] [stdout] 28 |     fn poll(mut self: Pin<&mut Self>, _waker: &task::Waker) -> Poll<io::Result<usize>> {
[INFO] [stdout]    |     ^^^^^^^^^^^^^^^^^^^^^^^^^^^^^^^^^^^^^^^^^^^^^^^^^^^^^^^^^^^^^^^^^^^^^^^^^^^^^^^^^^ types differ in mutability
[INFO] [stdout]    |
[INFO] [stdout]    = note: expected fn pointer `fn(Pin<&mut write::Write<'a, T>>, &mut Context<'_>) -> std::task::Poll<_>`
[INFO] [stdout]               found fn pointer `fn(Pin<&mut write::Write<'a, T>>, &Waker) -> std::task::Poll<_>`
[INFO] [stdout] 
[INFO] [stdout] 
[INFO] [stdout] error[E0053]: method `poll` has an incompatible type for trait
[INFO] [stdout]   --> /opt/rustwide/cargo-home/registry/src/github.com-1ecc6299db9ec823/tokio-async-await-0.1.6/src/io/write_all.rs:33:5
[INFO] [stdout]    |
[INFO] [stdout] 33 |     fn poll(mut self: Pin<&mut Self>, _waker: &task::Waker) -> Poll<io::Result<()>> {
[INFO] [stdout]    |     ^^^^^^^^^^^^^^^^^^^^^^^^^^^^^^^^^^^^^^^^^^^^^^^^^^^^^^^^^^^^^^^^^^^^^^^^^^^^^^^ types differ in mutability
[INFO] [stdout]    |
[INFO] [stdout]    = note: expected fn pointer `fn(Pin<&mut write_all::WriteAll<'a, T>>, &mut Context<'_>) -> std::task::Poll<_>`
[INFO] [stdout]               found fn pointer `fn(Pin<&mut write_all::WriteAll<'a, T>>, &Waker) -> std::task::Poll<_>`
[INFO] [stdout] 
[INFO] [stdout] 
[INFO] [stdout] error[E0053]: method `poll` has an incompatible type for trait
[INFO] [stdout]   --> /opt/rustwide/cargo-home/registry/src/github.com-1ecc6299db9ec823/tokio-async-await-0.1.6/src/sink/send.rs:30:5
[INFO] [stdout]    |
[INFO] [stdout] 30 |     fn poll(mut self: Pin<&mut Self>, _waker: &task::Waker) -> Poll<Self::Output> {
[INFO] [stdout]    |     ^^^^^^^^^^^^^^^^^^^^^^^^^^^^^^^^^^^^^^^^^^^^^^^^^^^^^^^^^^^^^^^^^^^^^^^^^^^^^ types differ in mutability
[INFO] [stdout]    |
[INFO] [stdout]    = note: expected fn pointer `fn(Pin<&mut send::Send<'_, T>>, &mut Context<'_>) -> std::task::Poll<_>`
[INFO] [stdout]               found fn pointer `fn(Pin<&mut send::Send<'_, T>>, &Waker) -> std::task::Poll<_>`
[INFO] [stdout] 
[INFO] [stdout] 
[INFO] [stdout] error[E0053]: method `poll` has an incompatible type for trait
[INFO] [stdout]   --> /opt/rustwide/cargo-home/registry/src/github.com-1ecc6299db9ec823/tokio-async-await-0.1.6/src/stream/next.rs:24:5
[INFO] [stdout]    |
[INFO] [stdout] 24 |     fn poll(mut self: Pin<&mut Self>, _waker: &Waker) -> Poll<Self::Output> {
[INFO] [stdout]    |     ^^^^^^^^^^^^^^^^^^^^^^^^^^^^^^^^^^^^^^^^^^^^^^^^^^^^^^^^^^^^^^^^^^^^^^^ types differ in mutability
[INFO] [stdout]    |
[INFO] [stdout]    = note: expected fn pointer `fn(Pin<&mut Next<'a, T>>, &mut Context<'_>) -> std::task::Poll<_>`
[INFO] [stdout]               found fn pointer `fn(Pin<&mut Next<'a, T>>, &Waker) -> std::task::Poll<_>`
[INFO] [stdout] 
[INFO] [stdout] 
[INFO] [stderr]    Compiling phf_generator v0.7.24
[INFO] [stdout] error[E0308]: mismatched types
[INFO] [stdout]   --> /opt/rustwide/cargo-home/registry/src/github.com-1ecc6299db9ec823/tokio-async-await-0.1.6/src/compat/backward.rs:49:40
[INFO] [stdout]    |
[INFO] [stdout] 49 |         let res = self.0.as_mut().poll(&waker);
[INFO] [stdout]    |                                        ^^^^^^ types differ in mutability
[INFO] [stdout]    |
[INFO] [stdout]    = note: expected mutable reference `&mut Context<'_>`
[INFO] [stdout]                       found reference `&Waker`
[INFO] [stdout] 
[INFO] [stdout] 
[INFO] [stdout] error[E0599]: no function or associated item named `new_unchecked` found for struct `Waker` in the current scope
[INFO] [stdout]   --> /opt/rustwide/cargo-home/registry/src/github.com-1ecc6299db9ec823/tokio-async-await-0.1.6/src/compat/backward.rs:66:21
[INFO] [stdout]    |
[INFO] [stdout] 66 |     unsafe { Waker::new_unchecked(noop_raw_waker()) }
[INFO] [stdout]    |                     ^^^^^^^^^^^^^ function or associated item not found in `Waker`
[INFO] [stdout] 
[INFO] [stdout] 
[INFO] [stdout] error: aborting due to 13 previous errors
[INFO] [stdout] 
[INFO] [stdout] 
[INFO] [stdout] Some errors have detailed explanations: E0053, E0063, E0308, E0432, E0557, E0599.
[INFO] [stdout] 
[INFO] [stdout] For more information about an error, try `rustc --explain E0053`.
[INFO] [stdout] 
[INFO] [stderr] error: could not compile `tokio-async-await`.
[INFO] [stderr] 
[INFO] [stderr] To learn more, run the command again with --verbose.
[INFO] [stderr] warning: build failed, waiting for other jobs to finish...
[INFO] [stderr] error: build failed
[INFO] running `Command { std: "docker" "inspect" "f0ac770dfabf1ed16105bd0c093d8476d01e0a9f2d1ef3bb94b7af9f80e7e9af", kill_on_drop: false }`
[INFO] running `Command { std: "docker" "rm" "-f" "f0ac770dfabf1ed16105bd0c093d8476d01e0a9f2d1ef3bb94b7af9f80e7e9af", kill_on_drop: false }`
[INFO] [stdout] f0ac770dfabf1ed16105bd0c093d8476d01e0a9f2d1ef3bb94b7af9f80e7e9af
